e factors of 286719.
3, 31, 3083
What are the prime factors of 34955?
5, 6991
List the prime factors of 3432238.
2, 757, 2267
List the prime factors of 1286004.
2, 3, 31, 3457
List the prime factors of 747585.
3, 5, 37, 449
List the prime factors of 2684231.
11, 244021
List the prime factors of 616960.
2, 5, 241
List the prime factors of 175939.
175939
What are the prime factors of 1297291?
157, 8263
List the prime factors of 414725.
5, 53, 313
What are the prime factors of 5373005?
5, 11, 83, 107
What are the prime factors of 2282851?
29, 223, 353
List the prime factors of 730777.
730777
List the prime factors of 445586.
2, 222793
List the prime factors of 2988383.
199, 15017
What are the prime factors of 237786?
2, 3, 39631
What are the prime factors of 542643?
3, 277, 653
What are the prime factors of 80419?
137, 587
List the prime factors of 1334582.
2, 683, 977
List the prime factors of 705025.
5, 28201
List the prime factors of 2699045.
5, 19, 28411
List the prime factors of 868486.
2, 434243
List the prime factors of 1036082.
2, 17, 31, 983
List the prime factors of 1667395.
5, 333479
List the prime factors of 945349.
945349
What are the prime factors of 250206?
2, 3, 11, 17, 223
List the prime factors of 8458241.
11, 768931
What are the prime factors of 556714?
2, 173, 1609
List the prime factors of 53367.
3, 17789
What are the prime factors of 8384178?
2, 3, 11, 127033
List the prime factors of 697336.
2, 67, 1301
What are the prime factors of 239022?
2, 3, 7, 271
List the prime factors of 11416952.
2, 29, 49211
List the prime factors of 233224.
2, 29153
List the prime factors of 13227435.
3, 5, 13, 7537
What are the prime factors of 219941?
219941
What are the prime factors of 181597?
13, 61, 229
List the prime factors of 64498.
2, 7, 17, 271
What are the prime factors of 21929219?
13, 41, 41143
What are the prime factors of 612441?
3, 7561
What are the prime factors of 7860424?
2, 11, 13, 6871
List the prime factors of 125982.
2, 3, 2333
List the prime factors of 1151092.
2, 31, 9283
List the prime factors of 827678.
2, 19, 23, 947
List the prime factors of 1792687.
13, 37, 3727
What are the prime factors of 701029?
7, 17, 43, 137
What are the prime factors of 6092250?
2, 3, 5, 8123
List the prime factors of 735896.
2, 7, 17, 773
What are the prime factors of 5859252?
2, 3, 7, 23251
List the prime factors of 10572918.
2, 3, 59, 29867
List the prime factors of 159444.
2, 3, 43, 103
What are the prime factors of 4738726?
2, 2369363
What are the prime factors of 13678304?
2, 427447
List the prime factors of 748541.
748541
What are the prime factors of 1313963?
7, 337, 557
List the prime factors of 173481.
3, 7, 11, 751
What are the prime factors of 1653911?
7, 349, 677
What are the prime factors of 79332?
2, 3, 11, 601
List the prime factors of 8467492.
2, 11, 53, 3631
What are the prime factors of 13546?
2, 13, 521
List the prime factors of 227957.
37, 61, 101
What are the prime factors of 3228469?
3228469
What are the prime factors of 2882604?
2, 3, 19, 47, 269
What are the prime factors of 1917232?
2, 119827
What are the prime factors of 644897?
11, 23, 2549
List the prime factors of 9770195.
5, 617, 3167
What are the prime factors of 8574493?
139, 61687
List the prime factors of 963551.
113, 8527
What are the prime factors of 10854?
2, 3, 67
What are the prime factors of 10898817?
3, 3632939
List the prime factors of 3290.
2, 5, 7, 47
What are the prime factors of 15787092?
2, 3, 1315591
List the prime factors of 54281.
17, 31, 103
What are the prime factors of 876774?
2, 3, 19, 7691
What are the prime factors of 193526?
2, 96763
What are the prime factors of 79175?
5, 3167
List the prime factors of 5357231.
11, 487021
What are the prime factors of 7067935?
5, 7, 89, 2269
What are the prime factors of 2156533?
61, 35353
What are the prime factors of 1358448?
2, 3, 7, 13, 311
List the prime factors of 24689355.
3, 5, 17, 96821
List the prime factors of 179165.
5, 7, 5119
What are the prime factors of 1103406?
2, 3, 19, 9679
List the prime factors of 376423.
47, 8009
List the prime factors of 537082.
2, 7, 13, 227
List the prime factors of 3067983.
3, 199, 571
What are the prime factors of 1310502?
2, 3, 218417
What are the prime factors of 334333?
334333
List the prime factors of 837864.
2, 3, 431
What are the prime factors of 243197?
243197
List the prime factors of 1063444.
2, 265861
List the prime factors of 1145804.
2, 11, 26041
List the prime factors of 328598.
2, 164299
What are the prime factors of 19774639?
47, 420737
List the prime factors of 8566755.
3, 5, 149, 3833
What are the prime factors of 226603?
13, 17431
What are the prime factors of 10018317?
3, 23, 145193
What are the prime factors of 249827?
249827
What are the prime factors of 117200?
2, 5, 293
What are the prime factors of 1133180?
2, 5, 56659
What are the prime factors of 11647316?
2, 2911829
List the prime factors of 84824.
2, 23, 461
What are the prime factors of 433816?
2, 211, 257
What are the prime factors of 28936769?
2383, 12143
List the prime factors of 5221933.
5221933
What are the prime factors of 6356017?
29, 61, 3593
What are the prime factors of 2217091?
19, 116689
What are the prime factors of 23769412?
2, 109, 54517
What are the prime factors of 760430?
2, 5, 11, 31, 223
List the prime factors of 2630797.
13, 19, 10651
List the prime factors of 1958884.
2, 79, 6199
List the prime factors of 12961995.
3, 5, 23, 37571
What are the prime factors of 9039135?
3, 5, 7, 31, 2777
What are the prime factors of 4047747?
3, 11, 23, 5333
What are the prime factors of 8360122?
2, 1433, 2917
List the prime factors of 2156411.
23, 29, 53, 61
List the prime factors of 7377231.
3, 311, 7907
What are the prime factors of 6258034?
2, 83, 37699
What are the prime factors of 177002?
2, 7, 47, 269
List the prime factors of 4842733.
7, 491, 1409
What are the prime factors of 1461241?
37, 73, 541
List the prime factors of 298955.
5, 59791
List the prime factors of 3088290.
2, 3, 5, 113, 911
What are the prime factors of 1869644?
2, 7, 9539
What are the prime factors of 638215?
5, 127643
What are the prime factors of 403485?
3, 5, 37, 727
What are the prime factors of 15351954?
2, 3, 113, 22643
What are the prime factors of 7772?
2, 29, 67
List the prime factors of 4800453.
3, 7, 228593
List the prime factors of 781480.
2, 5, 7, 2791
List the prime factors of 742749.
3, 7, 113, 313
List the prime factors of 274608.
2, 3, 1907
List the prime factors of 3323524.
2, 53, 61, 257
What are the prime factors of 4270094?
2, 17, 125591
List the prime factors of 365052.
2, 3, 29, 1049
List the prime factors of 219971.
219971
What are the prime factors of 2390092?
2, 597523
What are the prime factors of 300378?
2, 3, 13, 3851
List the prime factors of 4576606.
2, 19, 29, 4153
List the prime factors of 140458.
2, 70229
List the prime factors of 348457.
348457
List the prime factors of 1392709.
499, 2791
List the prime factors of 149170.
2, 5, 7, 2131
List the prime factors of 8059.
8059
What are the prime factors of 11781348?
2, 3, 263, 3733
What are the prime factors of 233911?
233911
List the prime factors of 555322.
2, 17, 16333
What are the prime factors of 234031?
7, 67, 499
What are the prime factors of 2626353?
3, 291817
List the prime factors of 223570.
2, 5, 79, 283
What are the prime factors of 874698?
2, 3, 11, 29, 457
List the prime factors of 3843.
3, 7, 61
List the prime factors of 18601298.
2, 17, 547097
What are the prime factors of 655215?
3, 5, 11, 19
What are the prime factors of 206255?
5, 7, 71, 83
What are the prime factors of 16115436?
2, 3, 49739
List the prime factors of 333105.
3, 5, 53, 419
List the prime factors of 1558290.
2, 3, 5, 127, 409
What are the prime factors of 6583?
29, 227
List the prime factors of 1276760.
2, 5, 59, 541
What are the prime factors of 247181?
11, 23, 977
What are the prime factors of 399314?
2, 199657
List the prime factors of 5405558.
2, 17, 173, 919
What are the prime factors of 183154?
2, 91577
What are the prime factors of 3775046?
2, 11, 29, 61, 97
What are the prime factors of 6823219?
13, 524863
List the prime factors of 621454.
2, 310727
List the prime factors of 2733338.
2, 37, 43, 859
What are the prime factor